{"id":19,"date":"2020-03-27T11:26:10","date_gmt":"2020-03-27T11:26:10","guid":{"rendered":"http:\/\/tsv-kirchenlaibach.de\/?page_id=19"},"modified":"2020-03-27T23:20:44","modified_gmt":"2020-03-27T23:20:44","slug":"ski","status":"publish","type":"page","link":"http:\/\/tsv-kirchenlaibach.de\/?page_id=19","title":{"rendered":"Ski"},"content":{"rendered":"\n<figure class=\"wp-block-image size-large\"><img decoding=\"async\" loading=\"lazy\" width=\"1024\" height=\"683\" src=\"http:\/\/tsv-kirchenlaibach.de\/wp-content\/uploads\/2020\/03\/boy-1835416_1920-1024x683.jpg\" alt=\"\" class=\"wp-image-87\" srcset=\"http:\/\/tsv-kirchenlaibach.de\/wp-content\/uploads\/2020\/03\/boy-1835416_1920-1024x683.jpg 1024w, http:\/\/tsv-kirchenlaibach.de\/wp-content\/uploads\/2020\/03\/boy-1835416_1920-300x200.jpg 300w, http:\/\/tsv-kirchenlaibach.de\/wp-content\/uploads\/2020\/03\/boy-1835416_1920-768x512.jpg 768w, http:\/\/tsv-kirchenlaibach.de\/wp-content\/uploads\/2020\/03\/boy-1835416_1920-1536x1024.jpg 1536w, http:\/\/tsv-kirchenlaibach.de\/wp-content\/uploads\/2020\/03\/boy-1835416_1920.jpg 1920w\" sizes=\"(max-width: 1024px) 100vw, 1024px\" \/><\/figure>\n\n\n\n<p>Die Abteilung Skisport ist\neine kleinere Abteilung innerhalb des TSV Kirchenlaibach\/Speichersdorf und\nnat\u00fcrlich stark vom Wetter im Winter abh\u00e4ngig.<\/p>\n\n\n\n<p>Regelm\u00e4\u00dfige\nVeranstaltungen sind der Sportartikelbasar im Rahmen des Weihnachtsmarktes in\nder Speichersdorfer Dreifachturnhalle zusammen mit dem Elternbeirat der\nWerner-Porsch-Schule und eine Tagesfahrt in ein \u00f6sterreichisches Skigebiet.\nZudem veranstaltet die Abteilung bei ausreichender Schneelage ein alpines\nSkirennen auf der Frankenberger H\u00f6he in Zusammenarbeit mit dem\nGeselligkeitsverein Hide away Frankenberg\/Nairitz e.V.<\/p>\n\n\n\n<h3 class=\"wp-block-heading\">Kontakt<\/h3>\n\n\n\n<p><strong>Ansprechpartner:<\/strong><br>Abteilungsleiter<br>Christian Porsch<br>09275 &#8211; 358148<br><a href=\"mailto:skisport@tsv-kirchenlaibach.de\">skisport@tsv-kirchenlaibach.de<\/a><\/p>\n","protected":false},"excerpt":{"rendered":"<p>Die Abteilung Skisport ist eine kleinere Abteilung innerhalb des TSV Kirchenlaibach\/Speichersdorf und nat\u00fcrlich stark vom Wetter im Winter abh\u00e4ngig. Regelm\u00e4\u00dfige Veranstaltungen sind der Sportartikelbasar im Rahmen des Weihnachtsmarktes in der Speichersdorfer Dreifachturnhalle zusammen mit dem Elternbeirat der Werner-Porsch-Schule und eine Tagesfahrt in ein \u00f6sterreichisches Skigebiet. Zudem veranstaltet die Abteilung bei ausreichender Schneelage ein alpines Skirennen auf der Frankenberger H\u00f6he in Zusammenarbeit mit dem Geselligkeitsverein Hide away Frankenberg\/Nairitz e.V. Kontakt Ansprechpartner:AbteilungsleiterChristian Porsch09275 &#8211; 358148skisport@tsv-kirchenlaibach.de<\/p>\n","protected":false},"author":1,"featured_media":0,"parent":0,"menu_order":0,"comment_status":"closed","ping_status":"closed","template":"template-parts\/page-template-no-sidebar.php","meta":[],"_links":{"self":[{"href":"http:\/\/tsv-kirchenlaibach.de\/index.php?rest_route=\/wp\/v2\/pages\/19"}],"collection":[{"href":"http:\/\/tsv-kirchenlaibach.de\/index.php?rest_route=\/wp\/v2\/pages"}],"about":[{"href":"http:\/\/tsv-kirchenlaibach.de\/index.php?rest_route=\/wp\/v2\/types\/page"}],"author":[{"embeddable":true,"href":"http:\/\/tsv-kirchenlaibach.de\/index.php?rest_route=\/wp\/v2\/users\/1"}],"replies":[{"embeddable":true,"href":"http:\/\/tsv-kirchenlaibach.de\/index.php?rest_route=%2Fwp%2Fv2%2Fcomments&post=19"}],"version-history":[{"count":2,"href":"http:\/\/tsv-kirchenlaibach.de\/index.php?rest_route=\/wp\/v2\/pages\/19\/revisions"}],"predecessor-version":[{"id":88,"href":"http:\/\/tsv-kirchenlaibach.de\/index.php?rest_route=\/wp\/v2\/pages\/19\/revisions\/88"}],"wp:attachment":[{"href":"http:\/\/tsv-kirchenlaibach.de\/index.php?rest_route=%2Fwp%2Fv2%2Fmedia&parent=19"}],"curies":[{"name":"wp","href":"https:\/\/api.w.org\/{rel}","templated":true}]}}